{"id":3,"date":"2020-10-23T08:35:24","date_gmt":"2020-10-23T08:35:24","guid":{"rendered":"http:\/\/seiferia.ch\/?page_id=3"},"modified":"2020-11-10T14:03:28","modified_gmt":"2020-11-10T14:03:28","slug":"privacy-policy","status":"publish","type":"page","link":"https:\/\/seiferia.ch\/index.php\/shop\/privacy-policy\/","title":{"rendered":"Allg. Gesch\u00e4ftsbedingungen"},"content":{"rendered":"<div id=\"elementor-tab-content-2583\" class=\"elementor-tab-content elementor-clearfix elementor-active\" role=\"tabpanel\" data-tab=\"3\" aria-labelledby=\"elementor-tab-title-2583\">\r\n<div class=\"entry-content\">\r\n<div id=\"elementor-tab-content-2584\" class=\"elementor-tab-content elementor-clearfix elementor-active\" role=\"tabpanel\" data-tab=\"4\" aria-labelledby=\"elementor-tab-title-2584\">\r\n<h3>Preis<\/h3>\r\n<div>\r\n<ul>\r\n<li>Die Preise im Shop sind in CHF ausgewiesen. Nicht inbegriffen im Preis sind die Kosten f\u00fcr Verpackung und Versand. Sie sind beim Produkt erw\u00e4hnt und variieren je nach Gr\u00f6sse und Verpackungsaufwand des Produktes.<\/li>\r\n<li>Die Preise im Shop sind MWSt frei. Nicht inbegriffen im Preis sind die Kosten f\u00fcr Verpackung und Versand. Sie sind beim Produkt erw\u00e4hnt und variieren je nach Gr\u00f6sse und Verpackungsaufwand des Produktes.<\/li>\r\n<\/ul>\r\n<h3>Zahlung<\/h3>\r\n<div>\r\n<ul>\r\n<li>Ich bevorzuge PayPal, es ist aber auch m\u00f6glich via Bank\u00fcberweisung zu bezahlen.<\/li>\r\n<li>Zur Zeit k\u00f6nnt Ihr in meinem Shop nur via PayPal bezahlen.<\/li>\r\n<li>\u00dcberweisung bitte per Vorkasse auf das angegebene Konto innerhalb von 7 Tagen<\/li>\r\n<\/ul>\r\n<\/div>\r\n<h3>Versand<\/h3>\r\n<div>\r\n<ul>\r\n<li>Der Versand erfolgt i.d.R. am n\u00e4chsten Werktag nach Zahlungseingang.<\/li>\r\n<li>Sobald das Geld auf meinem Twint-Konto (oder Bankkonto) ist, werde ich die Ware versenden.<\/li>\r\n<li>3-5 Werktage nach Zahlungseingang<\/li>\r\n<li>Falls die Ware unversichert auf dem Postweg versandt wird, liegt das Risiko f\u00fcr einen Verlust auf dem Postweg\u00a0beim K\u00e4ufer.<\/li>\r\n<li>Ihre Ware wird mit der schweizerischen Post oder DPD versandt. Falls nichts anders vereinbart, wird die Ware mit B-Post verschickt (Schweiz: Paket bis 2 kg A-Post CHF 9.00, B-Post CHF 7.00) Bei Lieferung ins Ausland ist das Porto vom jeweiligen Land abh\u00e4ngig.<\/li>\r\n<\/ul>\r\n<h3>Storno der Bestellung<\/h3>\r\n<div>\r\n<ul>\r\n<li>Storno ist nur vor der Lieferung m\u00f6glich.<\/li>\r\n<\/ul>\r\n<\/div>\r\n<\/div>\r\n<h3>R\u00fcckgabe<\/h3>\r\n<div>\r\n<ul>\r\n<li><span class=\"Apple-style-span\">Eine R\u00fcckgabe ist nur m\u00f6glich, wenn die Ware keinerlei Anzeichen von Gebrauch aufweist.<\/span><\/li>\r\n<li><span class=\"Apple-style-span\">Waren, die nicht nach Mass gefertigt wurden, k\u00f6nnen grunds\u00e4tzlich umgetauscht werden. Der Umtausch von Massanfertigungen ist nicht m\u00f6glich, jedoch haben Sie den Anspruch auf die Behebung allf\u00e4lliger M\u00e4ngel.<\/span><\/li>\r\n<li><span class=\"Apple-style-span\">Es ist nicht m\u00f6glich, die Ware wieder zur\u00fcckzuschicken.<\/span><\/li>\r\n<li><span class=\"Apple-style-span\">Ich akzeptiere eine R\u00fccksendung der Ware innert 10 Tagen ohne Angabe von Gr\u00fcnden. Der Artikel muss unbenutzt und in einwandfreiem Zustand sein. Zur\u00fcckerstattet wird der Kaufbetrag abz\u00fcglich der angefallenen Spesen f\u00fcr den Versand.<\/span><\/li>\r\n<li><span class=\"Apple-style-span\">Es gilt kein R\u00fcckgaberecht auf Massanfertigungen.<\/span><\/li>\r\n<li><span class=\"Apple-style-span\">Retournierte Produkte d\u00fcrfen keine Spuren von Gebrauch aufweisen.<\/span><\/li>\r\n<\/ul>\r\n<\/div>\r\n<h3>M\u00e4ngel\/Umtausch<\/h3>\r\n<div>\r\n<ul>\r\n<li>Sie als K\u00e4ufer sind verpflichtet, die Ware nach Erhalt zu pr\u00fcfen und M\u00e4ngel innerhalb von 5 Tagen schriftlich bei mir zu melden.<\/li>\r\n<li>Es ist mir ein Anliegen, dass sie mit meinen Produkten gl\u00fccklich sind! \u2028Falls sie nicht Zufrieden sind, k\u00f6nnen sie die Ware ohne Angabe von Gr\u00fcnden, innerhalb von 10 Tagen an mich zur\u00fcckschicken. \u2028Der Kaufbetrag, abz\u00fcglich Versandkosten wird Ihnen dann zur\u00fcckerstattet.<\/li>\r\n<li>Reklamationen m\u00fcssen innerhalb von 14 Tagen nach Erhalt der Sendung erfolgen. Bei berechtigten Reklamationen stehen dem Kunden einer der gesetzlichen Gew\u00e4hrleistungsanspr\u00fcche nach meiner Wahl\u00a0zu (R\u00fccknahme, Minderung, Ersatzlieferung).<\/li>\r\n<li>Das Porto f\u00fcr eine allf\u00e4llige R\u00fccksendung, zwecks Umtausch oder Behebung der M\u00e4ngel, \u00fcbernehmen Sie als K\u00e4ufer.<\/li>\r\n<li>Umtausch\/R\u00fcckgabe nur bei M\u00e4ngel, falscher Lieferung oder defekter Ware m\u00f6glich.<\/li>\r\n<\/ul>\r\n<\/div>\r\n<\/div>\r\n<\/div>\r\n<\/div>\r\n<\/div>\r\n","protected":false},"excerpt":{"rendered":"<p>Preis Die Preise im Shop sind in CHF ausgewiesen. Nicht inbegriffen im Preis sind die Kosten f\u00fcr Verpackung und Versand. Sie sind beim Produkt erw\u00e4hnt und variieren je nach Gr\u00f6sse und Verpackungsaufwand des Produktes. Die Preise im Shop sind MWSt frei. Nicht inbegriffen im Preis sind die Kosten f\u00fcr Verpackung und Versand. Sie sind beim [&hellip;]<\/p>\n","protected":false},"author":1,"featured_media":0,"parent":6,"menu_order":4,"comment_status":"closed","ping_status":"closed","template":"","meta":{"footnotes":""},"_links":{"self":[{"href":"https:\/\/seiferia.ch\/index.php\/wp-json\/wp\/v2\/pages\/3"}],"collection":[{"href":"https:\/\/seiferia.ch\/index.php\/wp-json\/wp\/v2\/pages"}],"about":[{"href":"https:\/\/seiferia.ch\/index.php\/wp-json\/wp\/v2\/types\/page"}],"author":[{"embeddable":true,"href":"https:\/\/seiferia.ch\/index.php\/wp-json\/wp\/v2\/users\/1"}],"replies":[{"embeddable":true,"href":"https:\/\/seiferia.ch\/index.php\/wp-json\/wp\/v2\/comments?post=3"}],"version-history":[{"count":6,"href":"https:\/\/seiferia.ch\/index.php\/wp-json\/wp\/v2\/pages\/3\/revisions"}],"predecessor-version":[{"id":371,"href":"https:\/\/seiferia.ch\/index.php\/wp-json\/wp\/v2\/pages\/3\/revisions\/371"}],"up":[{"embeddable":true,"href":"https:\/\/seiferia.ch\/index.php\/wp-json\/wp\/v2\/pages\/6"}],"wp:attachment":[{"href":"https:\/\/seiferia.ch\/index.php\/wp-json\/wp\/v2\/media?parent=3"}],"curies":[{"name":"wp","href":"https:\/\/api.w.org\/{rel}","templated":true}]}}