{"id":237,"date":"2020-11-06T09:26:00","date_gmt":"2020-11-06T09:26:00","guid":{"rendered":"http:\/\/seiferia.ch\/?post_type=product&#038;p=237"},"modified":"2022-11-17T12:47:58","modified_gmt":"2022-11-17T12:47:58","slug":"flieder-40g","status":"publish","type":"product","link":"https:\/\/seiferia.ch\/index.php\/product\/flieder-40g\/","title":{"rendered":"Flieder"},"content":{"rendered":"<p>Kokosfett, Oliven\u00f6l, Raps\u00f6l, Sonnenblumen\u00f6l, Rizinus\u00f6l, Jojoba \u00d6l, \u00e4th. \u00d6le, Pigmente, Parfum \u00d6l, Duftet nach Flieder und Lindenbl\u00fcten.<\/p>\n","protected":false},"excerpt":{"rendered":"<p>Kokosfett, Oliven\u00f6l, Raps\u00f6l, Sonnenblumen\u00f6l, Rizinus\u00f6l, Jojoba \u00d6l, \u00e4th. \u00d6le, Pigmente, Parfum \u00d6l, Duftet nach Flieder und Lindenbl\u00fcten.<\/p>\n","protected":false},"featured_media":230,"template":"","meta":[],"product_cat":[15],"product_tag":[],"_links":{"self":[{"href":"https:\/\/seiferia.ch\/index.php\/wp-json\/wp\/v2\/product\/237"}],"collection":[{"href":"https:\/\/seiferia.ch\/index.php\/wp-json\/wp\/v2\/product"}],"about":[{"href":"https:\/\/seiferia.ch\/index.php\/wp-json\/wp\/v2\/types\/product"}],"wp:featuredmedia":[{"embeddable":true,"href":"https:\/\/seiferia.ch\/index.php\/wp-json\/wp\/v2\/media\/230"}],"wp:attachment":[{"href":"https:\/\/seiferia.ch\/index.php\/wp-json\/wp\/v2\/media?parent=237"}],"wp:term":[{"taxonomy":"product_cat","embeddable":true,"href":"https:\/\/seiferia.ch\/index.php\/wp-json\/wp\/v2\/product_cat?post=237"},{"taxonomy":"product_tag","embeddable":true,"href":"https:\/\/seiferia.ch\/index.php\/wp-json\/wp\/v2\/product_tag?post=237"}],"curies":[{"name":"wp","href":"https:\/\/api.w.org\/{rel}","templated":true}]}}