{"id":260,"date":"2020-11-06T10:02:04","date_gmt":"2020-11-06T10:02:04","guid":{"rendered":"http:\/\/seiferia.ch\/?post_type=product&#038;p=260"},"modified":"2022-11-10T10:16:28","modified_gmt":"2022-11-10T10:16:28","slug":"kohle","status":"publish","type":"product","link":"https:\/\/seiferia.ch\/index.php\/product\/kohle\/","title":{"rendered":"Kohle"},"content":{"rendered":"<p>Kokosfett Bio, Sonnenblumen\u00f6l, Traubenkern\u00f6l, Jojoba\u00f6l, Reiskeim\u00f6l, Oliven\u00f6l, Shea Butter, Rizzinus\u00f6l, Tamaua\u00f6l, Bienenwachs, Aktiv-Kohle, Heilerde, Meersalz, \u00e4th. \u00d6le Lavendel und Teebaum, 40g<\/p>\n","protected":false},"excerpt":{"rendered":"<p>Kokosfett Bio, Sonnenblumen\u00f6l, Traubenkern\u00f6l, Jojoba\u00f6l, Reiskeim\u00f6l, Oliven\u00f6l, Shea Butter, Rizzinus\u00f6l, Tamaua\u00f6l, Bienenwachs, Aktiv-Kohle, Heilerde, Meersalz, \u00e4th. \u00d6le Lavendel und Teebaum, 40g<\/p>\n","protected":false},"featured_media":207,"template":"","meta":[],"product_cat":[15],"product_tag":[],"_links":{"self":[{"href":"https:\/\/seiferia.ch\/index.php\/wp-json\/wp\/v2\/product\/260"}],"collection":[{"href":"https:\/\/seiferia.ch\/index.php\/wp-json\/wp\/v2\/product"}],"about":[{"href":"https:\/\/seiferia.ch\/index.php\/wp-json\/wp\/v2\/types\/product"}],"wp:featuredmedia":[{"embeddable":true,"href":"https:\/\/seiferia.ch\/index.php\/wp-json\/wp\/v2\/media\/207"}],"wp:attachment":[{"href":"https:\/\/seiferia.ch\/index.php\/wp-json\/wp\/v2\/media?parent=260"}],"wp:term":[{"taxonomy":"product_cat","embeddable":true,"href":"https:\/\/seiferia.ch\/index.php\/wp-json\/wp\/v2\/product_cat?post=260"},{"taxonomy":"product_tag","embeddable":true,"href":"https:\/\/seiferia.ch\/index.php\/wp-json\/wp\/v2\/product_tag?post=260"}],"curies":[{"name":"wp","href":"https:\/\/api.w.org\/{rel}","templated":true}]}}